{"id":282,"date":"2023-05-23T20:19:06","date_gmt":"2023-05-23T20:19:06","guid":{"rendered":"http:\/\/%s.piauidigital.pi.gov.br\/?page_id=282"},"modified":"2023-06-05T13:31:49","modified_gmt":"2023-06-05T13:31:49","slug":"ata-de-assembleia-extraordinaria","status":"publish","type":"page","link":"https:\/\/www.piauidigital.pi.gov.br\/home\/ata-de-assembleia-extraordinaria\/","title":{"rendered":"Ata ser\u00e1 realizada altera\u00e7\u00e3o cadastral?"},"content":{"rendered":"","protected":false},"excerpt":{"rendered":"","protected":false},"author":1,"featured_media":0,"parent":0,"menu_order":0,"comment_status":"closed","ping_status":"closed","template":"pages\/junta-comercial.php","meta":{"footnotes":""},"class_list":["post-282","page","type-page","status-publish","hentry"],"acf":[],"_links":{"self":[{"href":"https:\/\/www.piauidigital.pi.gov.br\/home\/wp-json\/wp\/v2\/pages\/282","targetHints":{"allow":["GET"]}}],"collection":[{"href":"https:\/\/www.piauidigital.pi.gov.br\/home\/wp-json\/wp\/v2\/pages"}],"about":[{"href":"https:\/\/www.piauidigital.pi.gov.br\/home\/wp-json\/wp\/v2\/types\/page"}],"author":[{"embeddable":true,"href":"https:\/\/www.piauidigital.pi.gov.br\/home\/wp-json\/wp\/v2\/users\/1"}],"replies":[{"embeddable":true,"href":"https:\/\/www.piauidigital.pi.gov.br\/home\/wp-json\/wp\/v2\/comments?post=282"}],"version-history":[{"count":2,"href":"https:\/\/www.piauidigital.pi.gov.br\/home\/wp-json\/wp\/v2\/pages\/282\/revisions"}],"predecessor-version":[{"id":920,"href":"https:\/\/www.piauidigital.pi.gov.br\/home\/wp-json\/wp\/v2\/pages\/282\/revisions\/920"}],"wp:attachment":[{"href":"https:\/\/www.piauidigital.pi.gov.br\/home\/wp-json\/wp\/v2\/media?parent=282"}],"curies":[{"name":"wp","href":"https:\/\/api.w.org\/{rel}","templated":true}]}}